{"id":9028,"date":"2020-12-11T10:09:45","date_gmt":"2020-12-11T09:09:45","guid":{"rendered":"http:\/\/portesouvertes.lycee-ozenne.fr\/?page_id=9028"},"modified":"2020-12-11T10:26:08","modified_gmt":"2020-12-11T09:26:08","slug":"les-bts","status":"publish","type":"page","link":"https:\/\/portesouvertes.lycee-ozenne.fr\/index.php\/les-bts\/","title":{"rendered":"Les BTS"},"content":{"rendered":"\t\t<div data-elementor-type=\"wp-page\" data-elementor-id=\"9028\" class=\"elementor elementor-9028\">\n\t\t\t\t\t\t<section class=\"elementor-section elementor-top-section elementor-element elementor-element-10b2f3e elementor-section-boxed elementor-section-height-default elementor-section-height-default\" data-id=\"10b2f3e\" data-element_type=\"section\">\n\t\t\t\t\t\t<div class=\"elementor-container elementor-column-gap-default\">\n\t\t\t\t\t<div class=\"elementor-column elementor-col-100 elementor-top-column elementor-element elementor-element-a60c3db\" data-id=\"a60c3db\" data-element_type=\"column\">\n\t\t\t<div class=\"elementor-widget-wrap elementor-element-populated\">\n\t\t\t\t\t\t<div class=\"elementor-element elementor-element-73ef4a8 elementor-widget__width-auto elementor-invisible elementor-widget elementor-widget-thim-list-post\" data-id=\"73ef4a8\" data-element_type=\"widget\" data-settings=\"{&quot;_animation&quot;:&quot;zoomIn&quot;}\" data-widget_type=\"thim-list-post.default\">\n\t\t\t\t<div class=\"elementor-widget-container\">\n\t\t\t\t\t<div class=\"thim-list-post-inner\"><div class=\"thim-grid-posts has-horizontal\"><div class=\"grid-horizontal\">\t\t\t<div class=\"item-post post-10033 post type-post status-publish format-standard hentry category-bts\">\n\t\t\t\t<div class=\"article-wrapper\"><div class=\"date\">16 janvier 2021<\/div><h5 class=\"title\"><a href=\"https:\/\/portesouvertes.lycee-ozenne.fr\/index.php\/2021\/01\/16\/annee-reussite-a-toulouse-en-economie-arte\/\" class=\"article-title\">Ann\u00e9e R\u00e9ussite \u00e0 Toulouse en \u00c9conomie (ARTE)<\/a><\/h5><a class=\"read-more\" href=\"https:\/\/portesouvertes.lycee-ozenne.fr\/index.php\/2021\/01\/16\/annee-reussite-a-toulouse-en-economie-arte\/\" >Read More<i class=\"fa fa-long-arrow-right\"><\/i><\/a><\/div>\t\t\t<\/div>\n\t\t\t\t\t\t<div class=\"item-post post-165 post type-post status-publish format-standard hentry category-bts\">\n\t\t\t\t<div class=\"article-wrapper\"><div class=\"date\">3 d\u00e9cembre 2020<\/div><h5 class=\"title\"><a href=\"https:\/\/portesouvertes.lycee-ozenne.fr\/index.php\/2020\/12\/03\/assurance-ass\/\" class=\"article-title\">Assurance (ASS)<\/a><\/h5><a class=\"read-more\" href=\"https:\/\/portesouvertes.lycee-ozenne.fr\/index.php\/2020\/12\/03\/assurance-ass\/\" >Read More<i class=\"fa fa-long-arrow-right\"><\/i><\/a><\/div>\t\t\t<\/div>\n\t\t\t\t\t\t<div class=\"item-post post-151 post type-post status-publish format-standard hentry category-bts\">\n\t\t\t\t<div class=\"article-wrapper\"><div class=\"date\">3 d\u00e9cembre 2020<\/div><h5 class=\"title\"><a href=\"https:\/\/portesouvertes.lycee-ozenne.fr\/index.php\/2020\/12\/03\/commerce-international-ci\/\" class=\"article-title\">Commerce International (CI)<\/a><\/h5><a class=\"read-more\" href=\"https:\/\/portesouvertes.lycee-ozenne.fr\/index.php\/2020\/12\/03\/commerce-international-ci\/\" >Read More<i class=\"fa fa-long-arrow-right\"><\/i><\/a><\/div>\t\t\t<\/div>\n\t\t\t\t\t\t<div class=\"item-post post-148 post type-post status-publish format-standard has-post-thumbnail hentry category-bts\">\n\t\t\t\t<div class=\"article-image\"><img fetchpriority=\"high\" decoding=\"async\" src=\"https:\/\/portesouvertes.lycee-ozenne.fr\/wp-content\/uploads\/2020\/12\/LOGO-BTS-COm.jpg\" alt=\"LOGO BTS COm\" title=\"LOGO BTS COm\"  width=\"1004\" height=\"638\"><\/div><div class=\"article-wrapper\"><div class=\"date\">3 d\u00e9cembre 2020<\/div><h5 class=\"title\"><a href=\"https:\/\/portesouvertes.lycee-ozenne.fr\/index.php\/2020\/12\/03\/communication-com\/\" class=\"article-title\">Communication (COM)<\/a><\/h5><a class=\"read-more\" href=\"https:\/\/portesouvertes.lycee-ozenne.fr\/index.php\/2020\/12\/03\/communication-com\/\" >Read More<i class=\"fa fa-long-arrow-right\"><\/i><\/a><\/div>\t\t\t<\/div>\n\t\t\t\t\t\t<div class=\"item-post post-162 post type-post status-publish format-standard hentry category-bts\">\n\t\t\t\t<div class=\"article-wrapper\"><div class=\"date\">3 d\u00e9cembre 2020<\/div><h5 class=\"title\"><a href=\"https:\/\/portesouvertes.lycee-ozenne.fr\/index.php\/2020\/12\/03\/comptabilite-gestion-cg\/\" class=\"article-title\">Comptabilit\u00e9 Gestion (CG)<\/a><\/h5><a class=\"read-more\" href=\"https:\/\/portesouvertes.lycee-ozenne.fr\/index.php\/2020\/12\/03\/comptabilite-gestion-cg\/\" >Read More<i class=\"fa fa-long-arrow-right\"><\/i><\/a><\/div>\t\t\t<\/div>\n\t\t\t\t\t\t<div class=\"item-post post-154 post type-post status-publish format-standard hentry category-bts\">\n\t\t\t\t<div class=\"article-wrapper\"><div class=\"date\">3 d\u00e9cembre 2020<\/div><h5 class=\"title\"><a href=\"https:\/\/portesouvertes.lycee-ozenne.fr\/index.php\/2020\/12\/03\/comptabilite-et-gestion-de-la-pme-gpme\/\" class=\"article-title\">Gestion de la PME (GPME)<\/a><\/h5><a class=\"read-more\" href=\"https:\/\/portesouvertes.lycee-ozenne.fr\/index.php\/2020\/12\/03\/comptabilite-et-gestion-de-la-pme-gpme\/\" >Read More<i class=\"fa fa-long-arrow-right\"><\/i><\/a><\/div>\t\t\t<\/div>\n\t\t\t\t\t\t<div class=\"item-post post-134 post type-post status-publish format-standard hentry category-bts\">\n\t\t\t\t<div class=\"article-wrapper\"><div class=\"date\">2 d\u00e9cembre 2020<\/div><h5 class=\"title\"><a href=\"https:\/\/portesouvertes.lycee-ozenne.fr\/index.php\/2020\/12\/02\/le-bts-s-i-o\/\" class=\"article-title\">Services Informatiques aux Organisations (SIO)<\/a><\/h5><a class=\"read-more\" href=\"https:\/\/portesouvertes.lycee-ozenne.fr\/index.php\/2020\/12\/02\/le-bts-s-i-o\/\" >Read More<i class=\"fa fa-long-arrow-right\"><\/i><\/a><\/div>\t\t\t<\/div>\n\t\t\t<\/div><\/div><\/div>\t\t\t\t<\/div>\n\t\t\t\t<\/div>\n\t\t\t\t\t<\/div>\n\t\t<\/div>\n\t\t\t\t\t<\/div>\n\t\t<\/section>\n\t\t\t\t<section class=\"elementor-section elementor-top-section elementor-element elementor-element-9d134e5 elementor-section-boxed elementor-section-height-default elementor-section-height-default\" data-id=\"9d134e5\" data-element_type=\"section\">\n\t\t\t\t\t\t<div class=\"elementor-container elementor-column-gap-default\">\n\t\t\t\t\t<div class=\"elementor-column elementor-col-100 elementor-top-column elementor-element elementor-element-69b388f\" data-id=\"69b388f\" data-element_type=\"column\">\n\t\t\t<div class=\"elementor-widget-wrap elementor-element-populated\">\n\t\t\t\t\t\t<div class=\"elementor-element elementor-element-3d8a8e5 elementor-widget elementor-widget-heading\" data-id=\"3d8a8e5\" data-element_type=\"widget\" data-widget_type=\"heading.default\">\n\t\t\t\t<div class=\"elementor-widget-container\">\n\t\t\t\t\t<h2 class=\"elementor-heading-title elementor-size-default\">Questions Fr\u00e9quentes <\/h2>\t\t\t\t<\/div>\n\t\t\t\t<\/div>\n\t\t\t\t\t<\/div>\n\t\t<\/div>\n\t\t\t\t\t<\/div>\n\t\t<\/section>\n\t\t\t\t<section class=\"elementor-section elementor-top-section elementor-element elementor-element-84e4da3 elementor-section-boxed elementor-section-height-default elementor-section-height-default\" data-id=\"84e4da3\" data-element_type=\"section\">\n\t\t\t\t\t\t<div class=\"elementor-container elementor-column-gap-default\">\n\t\t\t\t\t<div class=\"elementor-column elementor-col-100 elementor-top-column elementor-element elementor-element-4c7fcc7\" data-id=\"4c7fcc7\" data-element_type=\"column\">\n\t\t\t<div class=\"elementor-widget-wrap elementor-element-populated\">\n\t\t\t\t\t\t<div class=\"elementor-element elementor-element-bf48fce elementor-widget elementor-widget-accordion\" data-id=\"bf48fce\" data-element_type=\"widget\" data-widget_type=\"accordion.default\">\n\t\t\t\t<div class=\"elementor-widget-container\">\n\t\t\t\t\t\t\t<div class=\"elementor-accordion\">\n\t\t\t\t\t\t\t<div class=\"elementor-accordion-item\">\n\t\t\t\t\t<div id=\"elementor-tab-title-2001\" class=\"elementor-tab-title\" data-tab=\"1\" role=\"button\" aria-controls=\"elementor-tab-content-2001\" aria-expanded=\"false\">\n\t\t\t\t\t\t\t\t\t\t\t\t\t<span class=\"elementor-accordion-icon elementor-accordion-icon-left\" aria-hidden=\"true\">\n\t\t\t\t\t\t\t\t\t\t\t\t\t\t\t<span class=\"elementor-accordion-icon-closed\"><i class=\"fas fa-plus\"><\/i><\/span>\n\t\t\t\t\t\t\t\t<span class=\"elementor-accordion-icon-opened\"><i class=\"fas fa-minus\"><\/i><\/span>\n\t\t\t\t\t\t\t\t\t\t\t\t\t\t<\/span>\n\t\t\t\t\t\t\t\t\t\t\t\t<a class=\"elementor-accordion-title\" tabindex=\"0\">Accord\u00e9on #1<\/a>\n\t\t\t\t\t<\/div>\n\t\t\t\t\t<div id=\"elementor-tab-content-2001\" class=\"elementor-tab-content elementor-clearfix\" data-tab=\"1\" role=\"region\" aria-labelledby=\"elementor-tab-title-2001\">Lorem ipsum dolor sit amet, consectetur adipiscing elit. Ut elit tellus, luctus nec ullamcorper mattis, pulvinar dapibus leo.<\/div>\n\t\t\t\t<\/div>\n\t\t\t\t\t\t\t<div class=\"elementor-accordion-item\">\n\t\t\t\t\t<div id=\"elementor-tab-title-2002\" class=\"elementor-tab-title\" data-tab=\"2\" role=\"button\" aria-controls=\"elementor-tab-content-2002\" aria-expanded=\"false\">\n\t\t\t\t\t\t\t\t\t\t\t\t\t<span class=\"elementor-accordion-icon elementor-accordion-icon-left\" aria-hidden=\"true\">\n\t\t\t\t\t\t\t\t\t\t\t\t\t\t\t<span class=\"elementor-accordion-icon-closed\"><i class=\"fas fa-plus\"><\/i><\/span>\n\t\t\t\t\t\t\t\t<span class=\"elementor-accordion-icon-opened\"><i class=\"fas fa-minus\"><\/i><\/span>\n\t\t\t\t\t\t\t\t\t\t\t\t\t\t<\/span>\n\t\t\t\t\t\t\t\t\t\t\t\t<a class=\"elementor-accordion-title\" tabindex=\"0\">Accord\u00e9on #2<\/a>\n\t\t\t\t\t<\/div>\n\t\t\t\t\t<div id=\"elementor-tab-content-2002\" class=\"elementor-tab-content elementor-clearfix\" data-tab=\"2\" role=\"region\" aria-labelledby=\"elementor-tab-title-2002\">Lorem ipsum dolor sit amet, consectetur adipiscing elit. Ut elit tellus, luctus nec ullamcorper mattis, pulvinar dapibus leo.<\/div>\n\t\t\t\t<\/div>\n\t\t\t\t\t\t\t\t<\/div>\n\t\t\t\t\t\t<\/div>\n\t\t\t\t<\/div>\n\t\t\t\t\t<\/div>\n\t\t<\/div>\n\t\t\t\t\t<\/div>\n\t\t<\/section>\n\t\t\t\t<\/div>\n\t\t","protected":false},"excerpt":{"rendered":"<p>3 d\u00e9cembre 2020 Assurance (ASS) Read More 3 d\u00e9cembre 2020 Commerce International (CI) Read More 3 d\u00e9cembre 2020 Communication (COM) Read More 3 d\u00e9cembre 2020 Comptabilit\u00e9 et Gestion de la PME (GPME) Read More 3 d\u00e9cembre 2020 Comptabilit\u00e9 Gestion (CG) &hellip; <\/p>\n","protected":false},"author":1,"featured_media":0,"parent":0,"menu_order":0,"comment_status":"closed","ping_status":"closed","template":"","meta":{"footnotes":""},"class_list":["post-9028","page","type-page","status-publish","hentry"],"_links":{"self":[{"href":"https:\/\/portesouvertes.lycee-ozenne.fr\/index.php\/wp-json\/wp\/v2\/pages\/9028","targetHints":{"allow":["GET"]}}],"collection":[{"href":"https:\/\/portesouvertes.lycee-ozenne.fr\/index.php\/wp-json\/wp\/v2\/pages"}],"about":[{"href":"https:\/\/portesouvertes.lycee-ozenne.fr\/index.php\/wp-json\/wp\/v2\/types\/page"}],"author":[{"embeddable":true,"href":"https:\/\/portesouvertes.lycee-ozenne.fr\/index.php\/wp-json\/wp\/v2\/users\/1"}],"replies":[{"embeddable":true,"href":"https:\/\/portesouvertes.lycee-ozenne.fr\/index.php\/wp-json\/wp\/v2\/comments?post=9028"}],"version-history":[{"count":5,"href":"https:\/\/portesouvertes.lycee-ozenne.fr\/index.php\/wp-json\/wp\/v2\/pages\/9028\/revisions"}],"predecessor-version":[{"id":9033,"href":"https:\/\/portesouvertes.lycee-ozenne.fr\/index.php\/wp-json\/wp\/v2\/pages\/9028\/revisions\/9033"}],"wp:attachment":[{"href":"https:\/\/portesouvertes.lycee-ozenne.fr\/index.php\/wp-json\/wp\/v2\/media?parent=9028"}],"curies":[{"name":"wp","href":"https:\/\/api.w.org\/{rel}","templated":true}]}}